-2*h + 4*l, 0 = h + 5*l. Let m(w) = -w**3 + 6*w**2 + 5*w + 5. Let n be m(h). Suppose 5*k = -0*k + n. What is the units digit of k?
1
Let i = -691 - -1418. What is the hundreds digit of i?
7
Let r(v) = -v**2 + 2*v + 3. Let m be r(-1). Suppose 2*a = -a + g + 396, -a + 5*g + 132 = m. What is the units digit of a?
2
Let w(v) = 78*v**2 + 2*v + 4. Let y be w(3). Suppose -4*c = -0*c - y. What is the tens digit of c?
7
Let o(h) = 6*h**2 - 22*h + 19. Let u(s) = -s**2 - 1. Let a(p) = -o(p) - 5*u(p). What is the tens digit of a(20)?
2
Suppose 16*z - 4 = 17*z, p = 2*z + 1587. What is the thousands digit of p?
1
Let o(y) = 5*y. Let u be o(1). Suppose 2*l + 3*l + 4*r - 5 = 0, u*r + 10 = -3*l. Suppose -3*p + 57 = 2*z, z - 67 = -z - l*p. What is the tens digit of z?
2
Let n(b) = -b**3 + 6*b**2 + 12*b + 42. What is the tens digit of n(-6)?
0
Let n(p) = 45*p**2 - 8*p + 3. What is the hundreds digit of n(8)?
8
Suppose -4*i + 1390 = 3*o - 5*o, o - 1387 = -4*i. Suppose 341 + i = 8*h. What is the units digit of h?
6
Let n(o) = -o**2 - 26*o + 37. Suppose -24 = 2*w + 12. What is the units digit of n(w)?
1
Suppose 24 = -2*t - t. What is the tens digit of (t/10)/((-16)/920)?
4
Suppose -48 = -0*m - 6*m. Let u be 45/18*m/5. Suppose 0 = -5*q - 4*t + 229, u*t = 4*q + 2*t - 178. What is the tens digit of q?
4
Let c = 282 - 88. Suppose c = 2*m + x, -m + x + 86 = -4*x. What is the units digit of m?
6
Let z be ((-4)/10)/(2/(-10)). Suppose z = -f - 3, 5*v + 3*f - 290 = 0. What is the units digit of v?
1
Let p be ((-78)/(-36))/13 + (-107)/(-6). What is the tens digit of (-2)/6 + 2220/p?
2
What is the hundreds digit of (820/(-60))/((-2)/(0 + 240))?
6
Suppose -3*g - 3 = -18. Suppose -g = -4*d - 9. What is the tens digit of 3 - 12/1*d?
1
Suppose 0 = 4*c - 34*j + 29*j - 4371, 2*c = 2*j + 2184. What is the thousands digit of c?
1
What is the thousands digit of 342720/220 - ((-27)/(-33) + -1)?
1
Let v = 28 + -29. What is the units digit of v*(-7)/((-35)/(-20))?
4
Let p be (678/8)/((-57)/(-76)). Let t = p - -60. What is the tens digit of t?
7
Suppose 16 = 3*w - 2. Suppose 0*j - 12 = w*j. What is the units digit of (0 + 1)*j + 35?
3
Let z(x) be the third derivative of x**9/8640 + x**6/720 + 7*x**5/60 - 2*x**2. Let k(b) be the third derivative of z(b). What is the units digit of k(1)?
8
Let s be ((-2)/4)/(3/120). What is the tens digit of 7*(-4)/8*s?
7
Let w be (3/2)/(2/(-4)). Suppose 42 = -u + 8. What is the units digit of 2/(3/w) - u?
2
Let t(v) = -v**2 + 9*v - 2. Let d be t(9). Let q be 12 + (-7 - d - -3). Let h(n) = n**2 - 8*n + 3. What is the units digit of h(q)?
3
What is the hundreds digit of -66*(4 + (-74)/4 + 6)?
5
Let h(n) = -n**3 + 7*n**2 + 3. Let x be h(7). Suppose -3*d = 3*d - 600. Suppose -4*j = o - d, -7*j + 2*o + 100 = -x*j. What is the units digit of j?
5
Suppose w + 89 = t, 0 = -3*t - 2*w + 259 + 3. Suppose t - 3 = -5*m. What is the units digit of m/(-6) - 2/(-12)?
3
Let v = -24 - -38. Let s(w) = -w**3 + 15*w**2 - 12*w - 12. What is the units digit of s(v)?
6
Suppose 4*s = -5*m - 483 - 488, 481 = -2*s - m. Let i = -171 - s. What is the units digit of i?
8
Suppose 0 = -4*y - 5*z + 1699, 5*y - z - 2170 = 2*z. What is the units digit of y?
1
Let v(t) = -t - 12. Let u be v(-13). Suppose h + 10 - 75 = -4*n, -h + u = 0. What is the units digit of n?
6
Suppose 0*o + 174 = -6*o. What is the tens digit of (o + 18)/(16/(-14) + 1)?
7
Let p = 43 - -53. What is the tens digit of p?
9
Let r = 10011 - 6250. What is the units digit of r?
1
What is the thousands digit of ((-2228)/(-14))/(26/182)?
1
Suppose -5*i + 4*h + 12 = 0, -5*i - 3*h = -h - 24. Let k = 166 + -70. Suppose i*c = 4*m - k, 52 = 3*m + 2*c - c. What is the units digit of m?
9
Let l(m) = -m**3 - 8*m**2 + 4*m + 10. Suppose -4*a = 4*j - 3*j + 34, 3*j = -2*a - 12. What is the tens digit of l(a)?
5
Suppose -7*b + 2276 = -405. What is the hundreds digit of b?
3
Suppose -3*x = -p - 69, 0*p - 217 = 3*p + x. Let q = p - -103. Let y = 41 - q. What is the units digit of y?
0
Let f(b) be the first derivative of b**2/2 - 7*b - 9. Let x be f(9). What is the units digit of (-186)/(-4)*x/3?
1
Suppose 23500 = 53*n - 6*n. What is the hundreds digit of n?
5
Let g = -32 - -29. Let l(d) = 4*d**2 - 3. What is the tens digit of l(g)?
3
Suppose 0*f + 2*f = 0. Suppose r + 2*r - 3 = f. Suppose -g = -r - 7. What is the units digit of g?
8
Let r be (-73950)/(-116) - (3/2 - 0). Suppose 468 = 6*n - r. What is the units digit of n?
4
Suppose 4*c + 2 = 34. Let i be (c/20)/(1/5). Suppose g - 84 = -i*g. What is the units digit of g?
8
Suppose 4*a - 54 = 2*a - 2*m, 6 = -3*m. Let s = a + 2. Let g = s - 16. What is the units digit of g?
5
Let f(x) = 105*x - 59. What is the units digit of f(13)?
6
Let r(v) = 69*v + 31. What is the tens digit of r(2)?
6
Let d(r) = 10*r**3 + 3*r + 2. Let x be d(-2). Suppose -4*m + 20 = -3*q, -3*q = -2*m + 9 + 1. What is the units digit of 5*(q + x/(-20))?
1
Let s(h) = 196*h**2 - 33*h + 78. What is the tens digit of s(4)?
8
Suppose 2*j = -3*i + 3386, 4*j - 3388 = 2*i - 5*i. What is the thousands digit of i?
1
Let g be (-1)/(-3) - ((-1014)/(-18) + 6). Let l = 94 + -133. Let w = l - g. What is the units digit of w?
3
Let b = 2928 - 1360. What is the units digit of b?
8
Let j = -151 + 607. Suppose j = 4*s + 3*c + c, 0 = -3*s - c + 340. Suppose -s - 107 = -5*f. What is the tens digit of f?
4
Let s be -1 + 0*2/(-6) - 306. Let q = 444 + s. What is the tens digit of q?
3
Suppose -5*m + 1 = -3*r, 4*m + 5*r - 17 = 2*r. Let u(d) = -d**3 + 2*d**2 + 2*d - 2. Let o be u(m). Suppose -o*g = -6*g + 52. What is the tens digit of g?
1
Let z be 3/2*((-16)/(-6))/(-2). What is the units digit of (4/(-3) - z/3)*-165?
0
Let y(n) = n + 4. Let d be y(-2). Let i be 0/(9/(-3) + d). Suppose 4 = m, -4*g - 2*m + 84 = -i*m. What is the tens digit of g?
1
Let o(d) = -11*d**2 - 158*d + 27. What is the tens digit of o(-14)?
8
Suppose 0 = 5*u + m - 5, 0 = -3*u - 2*m - 3*m - 19. Suppose -u*x + 192 = x. What is the tens digit of x?
6
Suppose 6*q - 4*j = q + 6439, -4*j = 3*q - 3889. What is the tens digit of q?
9
Let w(u) = u**2 - 5*u + 18. Let s be w(-14). Let t = s - 149. What is the tens digit of t?
3
Suppose 3*o + 63 - 447 = 0. Suppose -3*c = -o - 52. What is the units digit of c?
0
Let p = -66 + 377. Let o = -148 + p. What is the tens digit of o?
6
Let a(v) = 2*v + 40 - 3*v + 2*v. What is the tens digit of a(-15)?
2
Let c = -4 + 11. Suppose -4*y = 16*m - 18*m + 22, -5*y - 5 = 5*m. What is the units digit of 25 - (c - (m + 1))?
2
Suppose -2*c + 5*y + 1052 = 0, 121 + 1507 = 3*c + 5*y. What is the hundreds digit of c?
5
Let d(r) = -r**3 - 11*r**2 - 2*r - 13. Let x be d(-11). Let y = -9 + x. Let m(g) = g**3 + g**2 - g + 19. What is the tens digit of m(y)?
1
Let o(p) = 5*p**2 + 42*p - 12. What is the tens digit of o(10)?
0
What is the tens digit of 7 - ((-535 - 10) + 3)?
4
Suppose o = 4*o. Suppose 0 = -5*s - o - 80. Let m = s - -20. What is the units digit of m?
4
Let r be 2 - -1*(-2 - -3). Suppose 5*f + 4*k - 183 = 0, 0*f - 3*k + 30 = f. Suppose -y - f = -2*m + 25, -132 = -4*m + r*y. What is the units digit of m?
0
Let c = 330 - 113. What is the hundreds digit of c?
2
Let q(l) = l**3 + 18*l**2 + 14*l - 35. What is the units digit of q(-11)?
8
Let h = -521 + 2754. What is the thousands digit of h?
2
Suppose 28*g - 22692 - 4356 = 0. What is the units digit of g?
6
Suppose 35*l + 11*l - 127466 = 0. What is the units digit of l?
1
Let p(z) = -23*z + 254. What is the hundreds digit of p(-25)?
8
Suppose -4*p + 23 = -3*p. Suppose q = 2*t + 41, 3*t + 69 = 4*q - 0*q. Let s = t + p. What is the units digit of s?
4
Let l be (86 - (-6)/(-3)) + -2. Let i = l - 55. What is the tens digit of i?
2
Let b(a) be the second derivative of a**4/6 + a**3/3 - 7*a**2/2 - 13*a. Let d = -12 + 8. What is the tens digit of b(d)?
1
Suppose 802 = 3*z + 3*h - 743, -2*z + 5*h = -1065. What is the hundreds digit of z?
5
What is the hundreds digit of (-8 - -7)*(-2)/((-6)/(-3393))?
1
Let l = 3 - 7. Let z = 1 + l. What is the units digit of (-3)/(-9)*z*-56?
6
Let r = -1934 + 5399. What is the hundreds digit of r?
4
Suppose j - 13 = -0. Suppose -3 = 2*a - j. Suppose 0 = 2*f - k - 31, a*f - 13 = 4*k + 69. What is the tens digit of f?
1
What is the tens digit of (-4)/(-3) + (832/24 - 4)?
3
Suppose 0